{"id":157,"date":"2011-01-20T08:56:20","date_gmt":"2011-01-20T08:56:20","guid":{"rendered":"http:\/\/www.sinapharm.com"},"modified":"2011-07-12T11:14:39","modified_gmt":"2011-07-12T11:14:39","slug":"presse","status":"publish","type":"page","link":"http:\/\/www.sinapharm.com\/?page_id=157","title":{"rendered":"Presse &#038; Events"},"content":{"rendered":"<h2>Pressemitteilungen<\/h2>\n<p style=\"text-align: justify;\"><img class=\"alignright size-full wp-image-13\" style=\"margin-left: 20px; margin-top: 0px; margin-bottom: 20px;\" src=\"http:\/\/www.sinapharm.com\/wp-content\/uploads\/2011\/01\/stock12.jpg\" alt=\"\" width=\"120\" \/>Seit SinaPharm&#8217;s Gr\u00fcndung (2005), haben verschiedene Medien \u00fcber unsere Aktivit\u00e4ten Bericht erstattet. Hier haben wir einige Ausz\u00fcge f\u00fcr sie als PDF-Datei zum Downloaden bereitgestellt:<\/p>\n<blockquote><p>Neuer Player am Pharmamarkt<br \/><a href=\"http:\/\/www.sinapharm.com\/wp-content\/uploads\/2011\/01\/ARK.pdf\" target=\"blank\">\u00c4rztekrone, 2005<\/a><\/p><\/blockquote>\n<blockquote><p>Neues Unternehmen am Pharmamarkt<br \/><a href=\"http:\/\/www.sinapharm.com\/wp-content\/uploads\/2011\/01\/APK.pdf\" target=\"blank\">Apothekerkrone, 2005<\/a><\/p><\/blockquote>\n<blockquote><p>Gibt es in Ihrem Unternehmen sp\u00fcrbare Auswirkungen der Gesundheitsreform auf den Marketingmix?<br \/><a href=\"http:\/\/www.sinapharm.com\/wp-content\/uploads\/2011\/01\/PHA.pdf\" target=\"blank\">PHARMAustria, 2006<\/a><\/p><\/blockquote>\n<blockquote><p>Ein neuer Stern leuchtet seit Jahresbeginn am \u00f6sterreichischen Pharmahimmel<a href=\"http:\/\/www.sinapharm.com\/wp-content\/uploads\/2011\/01\/ADV.pdf\" target=\"blank\"><br \/>Aus unserer eigenen Werbung<\/a><\/p><\/blockquote>\n","protected":false},"excerpt":{"rendered":"<p>Pressemitteilungen Seit SinaPharm&#8217;s Gr\u00fcndung (2005), haben verschiedene Medien \u00fcber unsere Aktivit\u00e4ten Bericht erstattet. Hier haben wir einige Ausz\u00fcge f\u00fcr sie als PDF-Datei zum Downloaden bereitgestellt: Neuer Player am Pharmamarkt\u00c4rztekrone, 2005 Neues Unternehmen am PharmamarktApothekerkrone, 2005 Gibt es in Ihrem Unternehmen sp\u00fcrbare Auswirkungen der Gesundheitsreform auf den Marketingmix?PHARMAustria, 2006 Ein neuer Stern leuchtet seit Jahresbeginn am [&hellip;]<\/p>\n","protected":false},"author":4,"featured_media":0,"parent":0,"menu_order":3,"comment_status":"open","ping_status":"open","template":"","meta":[],"_links":{"self":[{"href":"http:\/\/www.sinapharm.com\/index.php?rest_route=\/wp\/v2\/pages\/157"}],"collection":[{"href":"http:\/\/www.sinapharm.com\/index.php?rest_route=\/wp\/v2\/pages"}],"about":[{"href":"http:\/\/www.sinapharm.com\/index.php?rest_route=\/wp\/v2\/types\/page"}],"author":[{"embeddable":true,"href":"http:\/\/www.sinapharm.com\/index.php?rest_route=\/wp\/v2\/users\/4"}],"replies":[{"embeddable":true,"href":"http:\/\/www.sinapharm.com\/index.php?rest_route=%2Fwp%2Fv2%2Fcomments&post=157"}],"version-history":[{"count":9,"href":"http:\/\/www.sinapharm.com\/index.php?rest_route=\/wp\/v2\/pages\/157\/revisions"}],"predecessor-version":[{"id":450,"href":"http:\/\/www.sinapharm.com\/index.php?rest_route=\/wp\/v2\/pages\/157\/revisions\/450"}],"wp:attachment":[{"href":"http:\/\/www.sinapharm.com\/index.php?rest_route=%2Fwp%2Fv2%2Fmedia&parent=157"}],"curies":[{"name":"wp","href":"https:\/\/api.w.org\/{rel}","templated":true}]}}